 p(-5).
13
Let d(m) = m**3 + 4*m**2 + m + 2. What is d(-4)?
-2
Let r(p) = p**3 + 7*p**2 - 6*p - 14. Determine r(-7).
28
Let t(w) = -w**3 - 10*w**2 - 21*w - 4. Determine t(-7).
-4
Let z(g) = -g**2 - 87. Give z(0).
-87
Let p(x) = x**2 + 34*x - 380. Calculate p(-43).
7
Let j(i) = -22*i + 262. Determine j(12).
-2
Let t(f) = 10*f - 44. Calculate t(5).
6
Let w(k) = k**3 + 3*k**2 - 3*k - 5. Determine w(-4).
-9
Let g(n) = -n**3 - 15*n**2 - 3*n - 27. What is g(-15)?
18
Let x(d) = d**3 - d**2 - d + 9. Give x(0).
9
Let c(y) = -8*y**2 - y + 1. Calculate c(1).
-8
Let i(m) = -m + 7. Give i(3).
4
Let l(y) = y**3 + y**2 + 120. Determine l(0).
120
Let b(h) = -h**3 + 7*h**2 - 3*h - 1. Give b(7).
-22
Let u(i) = -5*i**2 - 30*i - 5. Give u(-6).
-5
Let z(u) = -4*u**2 + 3*u - 1. Calculate z(7).
-176
Let r(x) = -73*x + 1. Give r(1).
-72
Let n(f) = f**2 - 11*f + 15. Calculate n(5).
-15
Let r(u) = -4*u + 50. What is r(12)?
2
Let o(r) = r**3 - 6*r**2 - 11*r + 2. Calculate o(7).
-26
Let u(c) = 8*c**2 + 2*c - 1. What is u(1)?
9
Let v(s) = -s**2 - 3*s - 6. Determine v(-5).
-16
Let y(b) = -b**3 - 12*b**2 - 2*b - 12. What is y(-12)?
12
Let j(q) = 4*q + 2. Determine j(-2).
-6
Let g(w) = -2*w - 18. Calculate g(2).
-22
Let b(n) = n**3 + 8*n**2 - 7*n + 3. Give b(-7).
101
Let c(o) = 37*o + 6. Calculate c(-2).
-68
Let t(l) = -4*l**3 - l**2 + 1. Determine t(-1).
4
Let h(t) = -4*t**2 - t - 1. Calculate h(1).
-6
Let i(b) = 2*b**3 - 2*b. Determine i(-2).
-12
Let t(z) = z**3 + 4*z**2 - z + 3. What is t(-4)?
7
Let a(s) = s**3 + 3*s**2 - 2*s - 7. What is a(-3)?
-1
Let f(j) = -j**3 - 16*j**2 + 17*j + 2. Give f(-17).
2
Let p(k) = -2*k**2 + 3*k + 2. What is p(2)?
0
Let h(v) = 11*v - 59. Give h(8).
29
Let h(m) = -4*m + 51. Calculate h(14).
-5
Let g(m) = m**3 - 7*m**2 - 4*m + 8. Give g(4).
-56
Let v(k) = k**2 - 23*k + 82. Give v(19).
6
Let s(x) = 12*x + 177. What is s(-14)?
9
Let c(i) = 16*i - 797. Calculate c(50).
3
Let i(g) = g**2 - 9*g - 13. What is i(9)?
-13
Let m(o) = 2*o + 36. What is m(-11)?
14
Let c(x) = 3*x**2 + 11*x - 98. Determine c(4).
-6
Let g(l) = 22*l**3 + 108*l**2 - 11*l - 6. Determine g(-5).
-1
Let f(v) = -v - 4. Calculate f(-5).
1
Let x(d) = -2*d**2 - 26*d - 7. What is x(-13)?
-7
Let h(x) = 3*x**2 + 5*x + 9. Calculate h(-2).
11
Let f(t) = 37*t + 598. Calculate f(-16).
6
Let t(j) = j**3 + 12*j**2 + 7. Give t(-12).
7
Let w(k) = 3*k + 18. Determine w(-8).
-6
Let d(m) = -m**3 + 5*m**2 + 7*m - 26. Give d(6).
-20
Let u(g) = g**2 - 7*g - 7. Calculate u(7).
-7
Let v(m) = -30*m - 2. Determine v(2).
-62
Let i(c) = 3*c**2 + 24*c - 46. Calculate i(2).
14
Let p(g) = -g**3 + 4*g**2 + 11*g + 3. Give p(6).
-3
Let y(h) = -h + 7. Give y(-16).
23
Let v(t) = -t**3 + 11*t**2 + 8*t - 9. Determine v(12).
-57
Let d(c) = -c**3 - c + 1. Calculate d(-2).
11
Let q(r) = 2*r**3 + 5*r**2 - r + 5. What is q(-3)?
-1
Let f(y) = -y**2 - 4*y + 20. Determine f(-7).
-1
Let c(a) = a**3 - 16*a**2 + a + 3. Determine c(16).
19
Let s(x) = -x**2 - 17*x - 21. Calculate s(-16).
-5
Let d(r) = -r**3 + 8*r**2 - 58*r + 463. Determine d(8).
-1
Let g(o) = 10*o**2 + 4*o + 5. Give g(-3).
83
Let o(u) = -u**3 - 5*u**2 + 3*u + 7. Give o(-6).
25
Let r(z) = -z**3 - 7*z**2 + 37*z + 255. Determine r(-6).
-3
Let n(q) = 3*q**3 - 3*q**2 - 4. Calculate n(2).
8
Let t(g) = -7*g**3 + g - 2. Determine t(1).
-8
Let p(g) = -g**2 - 7*g - 17. Give p(-5).
-7
Let q(r) = -r**3 + 3*r**2 + 13. Calculate q(4).
-3
Let q(r) = -r**3 + 18*r**2 + r - 4. Calculate q(18).
14
Let j(z) = 3*z - 1. Give j(3).
8
Let s(w) = w - 1. What is s(-4)?
-5
Let u(o) = o**3 + 8*o**2 + 6*o - 10. Calculate u(-7).
-3
Let c(j) = 5*j + 61. What is c(8)?
101
Let z(v) = -v + 6. Give z(18).
-12
Let h(x) = -x**2 + 6*x + 7. Determine h(6).
7
Let b(v) = -16*v**2 + 2. Determine b(2).
-62
Let z(v) = -v**3 - 8*v**2 + 3*v + 8. Determine z(-8).
-16
Let q(u) = 3*u + 8. Give q(-10).
-22
Let x(l) = l**2 - 4*l - 14. Calculate x(5).
-9
Let m(s) = -s**3 + s - 47. Calculate m(0).
-47
Let u(l) = 5*l**3 - l**2 - 3*l - 2. Determine u(-2).
-40
Let d(s) = -s**3 + 7*s**2 - 5*s - 3. Determine d(6).
3
Let y(h) = h**3 + 4*h**2 - 6*h - 4. What is y(-5)?
1
Let z(l) = l**2 + 6*l - 2. Give z(-5).
-7
Let j(y) = 23*y + 325. Give j(-14).
3
Let p(c) = -2*c**2 + 20*c + 9. Give p(11).
-13
Let k(q) = -6*q + 69. Determine k(18).
-39
Let p(s) = 4*s + 22. Calculate p(-7).
-6
Let y(q) = -q**2 + 10*q - 7. Calculate y(8).
9
Let g(y) = -13*y - 149. Calculate g(-11).
-6
Let r(d) = d + 44. What is r(-51)?
-7
Let j(t) = 7*t**3 + 2*t + 2. Determine j(-1).
-7
Let n(i) = -i**2 + 2*i - 3. Determine n(4).
-11
Let h(j) = -j**2 - 3*j - 1. Give h(-4).
-5
Let x(j) = 2*j - 6. What is x(1)?
-4
Let s(d) = -3*d - 5. Determine s(-5).
10
Let s(q) = q**2 - 36*q + 64. Give s(34).
-4
Let j(h) = h**2 + 15*h + 43. Determine j(-12).
7
Let g(y) = -2*y**2 + y + 9. Determine g(-3).
-12
Let i(h) = -17*h + 1. Calculate i(1).
-16
Let a(n) = -n**2 + 102*n + 762. Give a(-7).
-1
Let s(j) = -21*j - 75. Give s(-8).
93
Let u(z) = 2*z**3 + 59*z**2 + 31*z + 20. Determine u(-29).
-38
Let a(p) = -76*p**2 + 3*p + 3. Calculate a(-1).
-76
Let d(r) = 13*r + 1. Give d(-1).
-12
Let w(f) = -107*f**3 - 2*f**2 + 2*f + 3. What is w(-1)?
106
Let t(q) = 17*q**2 + q. Calculate t(-1).
16
Let k(i) = -i - 31. What is k(-25)?
-6
Let w(q) = 35*q. Determine w(-1).
-35
Let s(k) = k**2 + 9*k - 75. What is s(-14)?
-5
Let s(d) = 2*d**2 + 48*d + 44. Give s(-23).
-2
Let y(w) = -w**2 - 10*w - 20. Determine y(-6).
4
Let a(d) = -3*d**2 - 6*d + 6. What is a(4)?
-66
Let w(f) = f**3 - 6*f**2 + 10*f + 7. What is w(5)?
32
Let d(n) = n**3 + 7*n**2 + 8*n + 8. Determine d(-6).
-4
Let b(w) = 14*w**3 - w**2 + 2*w + 3. Calculate b(-1).
-14
Let d(s) = s - 11. Determine d(20).
9
Let r(f) = -12*f. Give r(4).
-48
Let p(s) = -s - 22. Give p(-21).
-1
Let v(w) = w**2 - 6*w + 2. Determine v(10).
42
Let n(u) = -u**3 - 9*u**2 - 6*u - 16. Give n(-8).
-32
Let p(n) = -n**3 - 12*n**2 - 7*n + 8. Give p(-11).
-36
Let w(i) = i - 9. Determine w(14).
5
Let c(u) = u**2 - 16*u - 6. Give c(16).
-6
Let p(n) = 2*n + 24. What is p(-11)?
2
Let p(i) = -i**3 + 12*i**2 + 11*i + 26. What is p(13)?
0
Let k(s) = -s**2 - 21*s - 5. Give k(-21).
-5
Let w(n) = n**3 + 5*n**2 - 3*n + 3. Give w(-4).
31
Let g(m) = -3*m - 2. Determine g(-1).
1
Let h(p) = p**2 + 23*p + 143. What is h(-14)?
17
Let f(u) = 2*u**3 + 48*u**2 - 53*u - 70. What is f(-25)?
5
Let r(d) = -d**3 + 3*d**2 + 37*d - 3. What is r(-5)?
12
Let w(c) = c**2 - 8*c - 4. Determine w(4).
-20
Let w(v) = v**3 + 11*v**2 - 11*v + 9. Determine w(-12).
-3
Let q(k) = -k**3 - 12*k**2 + k + 16. Give q(-12).
4
Let g(q) = -q**3 + 2*q**2 + 5*q - 1. Determine g(-3).
29
Let c(s) = -9*s + 10. Calculate c(0).
10
Let x(h) = 4*h**2 + 7*h - 2. Give x(-4).
34
Let t(i) = i**2 + 19*i + 22. Determine t(-17).
-12
Let v(m) = -2*m + 25. Calculate v(11).
3
Let o(f) = 6*f**3 + f**2 - 1. Calculate o(1).
6
Let f(r) = r**2 - 9*r - 14. Give f(10).
-4
Let c(l) = -4*l. Calculate c(-3).
12
Let t(w) = -w**3 + 10*w**2 + 26*w - 23. Calculate t(12).
1
Let g(i) = i**3 + i**2 + i + 11. Calculate g(-3).
-10
Let v(b) = 30*b - 109. Determine v(4).
11
Let p(h) = -10*h + 96. What is p(9)?
6
Let d(q) = q**3 + 9*q**2 + 16*q + 13. What is d(-7)?
-1
Let z(p) = -p**2 + 5*p + 2. What is z(6)?
-4
Let j(i) = 7*i - 13. Calculate j(6).
29
Let g(c) = c**3 + 4*c**2 - 27*c + 13. Give g(3).
-5
Let t(r) = r**3 - 2*r**2 - 2*r - 1. What is t(0)?
-1
Let b(p) = -26*p**2 - 3*p - 8. Determine b(-2).
-106
Let j(v) = -v**2 - 18*v + 123. Determine j(5).
8
Let s(k) = k + 1. What is s(5)?
6
Let g(k) = k**3 + 3*k**2 + 14*k + 27. Determine g(-4).
-45
Let s(c) = c**2 + 2*c - 15. Give s(-8).
33
Let t(p) = -4*p + 36. Calculate t(-7).
64
Let g(a) = 4*a - 56. What is g(12)?
-8
Let d(t) = 2*t**2 + 19*t + 1. Determine d(-8).
-23
Let h(w) = -w**3 + 2*w**2 - 3*w + 2. What is h(1)?
0
Let c(n) = n**3 + 5*n**2 - n + 6. Calculate c(-5).
11
Let m(w) = 23*w**2 + 2*w. What is m(-1)?
21
Let r(v) = v**2 + 21*v + 92. Calculate r(-14).
-6
Let o(f) = 52*f**3 - f**2 - 2*f - 1. Give o(-1).
-52
Let n(v) = -v**2 - 21*v - 89. What is n(-14)?
9
Let z(p) = -3*p**2 - 63*p + 6. Determine z(-21).
6
Let j(n) = n**3 - 9*n**2 - 8*n - 3. Calculate j(10).
17
Let r(i) = i**2 + 8*i. Give r(-9).
9
Let b(p) = 3*p**2 + 4*p - 28. Determine b(3).
11
Let m(n) = -n**3 + 47*n**2 + 96*n + 104. Ca